*2 - 12*l + 4. Let w be q(-12). Suppose -w = 5*g - 7*g. Suppose g = -5*h + 12. List the prime factors of h.
2
Let n(l) = -l**2 + 12*l - 22. Let c be n(9). Suppose -4*x = 2*p - 926, -c*p = 5*x - 4*p - 1153. Suppose -i + 6*i = x. List the prime factors of i.
2, 23
Suppose 5*a = -5*r + 47455, 93*r - 97*r = 2*a - 18990. What are the prime factors of a?
53, 179
Suppose 3*j - 4*d - 153043 = 0, 5*j - 5*d - 10703 = 244362. List the prime factors of j.
3, 7, 347
Suppose -14*o = 1184 + 2638. Let p = -119 - o. List the prime factors of p.
2, 7, 11
Let g(f) = 8343*f + 339. What are the prime factors of g(2)?
3, 5, 227
Let n(h) = 266*h**2 + 1. Let x be -6 - (-11 + (-7)/(-1)). List the prime factors of n(x).
3, 5, 71
Let g(n) = -n**3 + 51*n**2 + 9*n - 82. List the prime factors of g(50).
2, 3, 239
Suppose -94*t + 1176356 = 22*t. List the prime factors of t.
10141
Let c(n) = n**3 - 6*n**2 - 8*n + 9. Let f be c(7). Suppose f*b - 188 = -5*t + 441, 0 = -2*b - 6. Let q = 197 - t. What are the prime factors of q?
2, 5, 7
Let m = 109249 - 61346. What are the prime factors of m?
47903
Let h(t) = 8*t**2 - 17*t + 12. Suppose 2*n = -4*n + 324. Let j = n - 48. List the prime factors of h(j).
2, 3, 11
Suppose -1933*k = -1961*k + 432824. What are the prime factors of k?
2, 59, 131
Let x(n) = 0*n**2 + n**2 - 2 + n - 4*n + 7. Let t be x(2). List the prime factors of (13/(-1))/(-5 + (t - -1)).
13
Let j(v) = 35*v. Let u be j(4). Let y = -631 + 712. Let n = u - y. What are the prime factors of n?
59
Suppose 429935 + 448551 = 57*h + 67661. List the prime factors of h.
5, 569
Let q(r) = -7*r - 1. Let k(i) = -i**2 + 5*i + 13. Let h be k(7). Let c be q(h). Suppose -c*b = 6*b - 1644. What are the prime factors of b?
137
Let r = -10 - -112. Let w(o) = -13*o**2 + 19*o + 31. Let c be w(-2). Let j = r + c. List the prime factors of j.
43
Suppose 12*g + 65 = 185. Suppose g*z - 4*z - 2070 = 0. What are the prime factors of z?
3, 5, 23
Suppose 165 = -4*y + 6*q - q, -174 = 4*y - 2*q. Let f be (-3 - (-41)/(-13)) + (-4)/(-26). List the prime factors of y/f*(-156)/(-15).
2, 3, 13
Suppose 2*c = 39 + 1. Let k be (-2)/(-14) - 14475/(-105). Let o = k - c. What are the prime factors of o?
2, 59
Suppose 4*b + 7*b = 6*b. Suppose 12*o - 2231 - 7141 = b. What are the prime factors of o?
11, 71
Let n be 4 + (-66)/15 - (-22)/5. List the prime factors of n*127*(-21)/(-21).
2, 127
Let y = 310 - 382. What are the prime factors of ((-2)/3)/(y/127548)?
1181
Let k(r) = 2740*r**2 - 109*r - 108. List the prime factors of k(-1).
2741
Suppose -9 + 5 = -2*d. Suppose s - r + 88 = 529, -d*s - 4*r = -888. What are the prime factors of s?
2, 13, 17
Let g(w) be the first derivative of w**4/4 + 4*w**3/3 + 7*w**2 + 10. Let a(c) be the second derivative of g(c). What are the prime factors of a(7)?
2, 5
Let n(t) = -167*t - 827. List the prime factors of n(-12).
11, 107
Suppose -3*t = -3, -2*q + 3*t - 268 + 3671 = 0. Let p = q + -1094. What are the prime factors of p?
3, 7, 29
Let r(i) = -10*i**2 + 25*i + 101. Let y be r(-11). Let j = -393 - y. List the prime factors of j.
991
Let g(y) = y**2 - 32*y - 16. Let c be g(17). Let b be (-5)/(15/9) - (c + 0). Suppose -4*z = t - 2*t - 557, 2*z - 4*t - b = 0. What are the prime factors of z?
2, 5, 7
Let u(x) = -x**2 + 14*x - 21. Let j be u(15). Let l be 47/(-4) + 2 + 9/j. Let d(v) = -11*v - 19. List the prime factors of d(l).
7, 13
Suppose a = 306 + 93. Let u be (-1036)/(-4) + (7 - 3). Let c = a - u. What are the prime factors of c?
2, 17
Let h(r) = r**3 + 66*r**2 + 40*r + 590. List the prime factors of h(-20).
2, 5, 17, 107
Let w = -542 - -545. Suppose w*b + i = 4537, b - 1644 = -5*i - 155. What are the prime factors of b?
2, 757
Let f(o) = 82*o - 166*o + 85*o + 19*o**2 - 4 + 14. List the prime factors of f(5).
2, 5, 7
Let v = -918 + 14514. List the prime factors of v.
2, 3, 11, 103
Let c(o) = 2*o**2 + 4*o + 6. Let r(q) = q**2 + 8*q - 16. Let d be r(-11). Let t be c(d). Suppose 5*y - 9*y + t = 0. What are the prime factors of y?
163
Let z be -4 + 4 + (-15 - -286). Let x = z + 55. What are the prime factors of x?
2, 163
Suppose 2*o + o + 2301 = -7*a, -4*o - 1638 = 5*a. What are the prime factors of 13418/22 + (-30)/a?
2, 5, 61
Let y(c) = c**2 + 20*c + 37. Let p be y(-18). Let a(j) = -11*j + 5 + 0*j - p. List the prime factors of a(-7).
3
Let x = 39720 - 16572. List the prime factors of x.
2, 3, 643
Let p = 436 - 433. Suppose 4*z - 4*f = -p*f + 1672, 0 = -2*z - 3*f + 822. List the prime factors of z.
3, 139
Suppose 13*i + 3306 = 7960. Let w = -193 + i. List the prime factors of w.
3, 5, 11
Let z(j) = 7383*j**2 + 23*j - 6. What are the prime factors of z(1)?
2, 5, 37
Let k be (-18)/24 + 95/4. Let s be 0/k - -1*2. What are the prime factors of 3/15*s*185?
2, 37
List the prime factors of (2768/(-20))/((-10)/375).
2, 3, 5, 173
Let r = -6631 + 11835. Let p = -3455 + r. Suppose -8*h + 19*h - p = 0. List the prime factors of h.
3, 53
Let k(y) = -2*y + 2 - 16 - 9. Let x be k(-13). Suppose 5*j = -3*c + 198, -3*c + c + 119 = x*j. What are the prime factors of j?
3, 13
Suppose 6*x = 3 + 3. Let r be -52 - (1 + -1 + 2 - x). Let j = 39 - r. List the prime factors of j.
2, 23
Suppose -6405 = 60*o - 65*o. Suppose -2*z + f = -0*z - o, -z = -2*f - 645. List the prime factors of z.
3, 71
Suppose -q + 5*b = -12623, -26*b + 25222 = 2*q - 24*b. List the prime factors of q.
12613
Suppose -4*b - 2*o + 3878 = 0, -b + 3*o - 881 + 1847 = 0. What are the prime factors of b?
3, 17, 19
Suppose -15 + 3 = 3*t. Let a be (-8)/(32/(-252)) - t. Suppose 2*v = 2*o - 88, -2*o + 3*v = -a - 21. List the prime factors of o.
2, 11
Suppose -3*c - 6 = 0, -5*q - c - 26 = 2*c. What are the prime factors of q - 0 - (-1046 - (-6 - -10))?
2, 523
Let q = -62 + 72. Let u be (2 - 16/q) + (-2679)/(-15). Let g = -126 + u. What are the prime factors of g?
53
Suppose n + 2*h - 194 = 0, -2*n + 5*h + 388 = -0*n. Suppose -138 = -q + n. List the prime factors of q.
2, 83
Let r be (-2)/4 + (-69)/6. Let j(w) = -12*w**2 - 2*w - 2*w + 13800 - w**3 - 13796. List the prime factors of j(r).
2, 13
Let l(h) = 202*h**2 - 67*h - 384. What are the prime factors of l(-8)?
2, 3, 5, 109
Let w = -11 + 223. Suppose 5*d - 19 = 14*u - 11*u, -5*d - 4*u - 2 = 0. Suppose -d*p + 2*l + w = 0, 120 + 308 = 4*p - 5*l. List the prime factors of p.
2, 3, 17
Let h be 8/(-4)*(-2 + 1). Suppose h*l + 437 - 2491 = 0. What are the prime factors of l?
13, 79
Let x(p) = 446*p + 6604. What are the prime factors of x(-6)?
2, 491
Let f(z) = -30*z + z**2 + 48*z**2 + 10*z - 94 + 33*z**2. What are the prime factors of f(-4)?
2, 11, 59
Let i = 157 - 178. Let y(s) = -14*s - 94. List the prime factors of y(i).
2, 5
Suppose h = 5*g + 1924, 0 = -4*g - 4*h - 1733 + 189. Let y = 924 - g. List the prime factors of y.
7, 11, 17
Let j be (34/4 - 3)*-2. Let u = 18 + j. Let f = u - -4. What are the prime factors of f?
11
Let c be (-950)/20*(-8)/(-10). Let x be (-1)/(4*-1) + c/(-8). What are the prime factors of (x/((-5)/(-278)))/2?
139
Let n be ((-15)/10)/((-9)/(-6)). Let p be -2 + (-72)/(-32) - n/(-4). What are the prime factors of 66 - ((-9)/(-3) - (1 - p))?
2
What are the prime factors of ((-9)/(-2))/(10/(3 + 22857))?
3, 127
Let y(h) = 9*h**2 + 511*h + 1424. List the prime factors of y(-117).
2, 17, 1907
Let x(y) = 8*y**2 + 43*y + 404. List the prime factors of x(-9).
5, 7, 19
Let l be 7/(-21)*(-18 + 1 - 1). Let n(x) = l + 61 + 7*x - 14. What are the prime factors of n(13)?
2, 3
Let o(u) be the second derivative of 5*u**4/6 - 25*u**2/2 - 3*u. Let r be o(8). Suppose 0 = 5*c + w - 6*w - r, w = -2*c + 249. What are the prime factors of c?
2, 31
Let k = -2462 + 3043. What are the prime factors of k?
7, 83
Let t = -353 + 4691. List the prime factors of t.
2, 3, 241
Suppose 9*r + 6 = 12*r. What are the prime factors of 831/(-2)*r/6*-2?
277
Suppose -4*z + i - 4*i + 31 = 0, z = -3*i + 19. Suppose s + s + z*g = 334, -3*s - 2*g + 485 = 0. What are the prime factors of s?
3, 53
Let w = 313 + -305. Suppose 0 = -w*f + 3300 - 572. What are the prime factors of f?
11, 31
List the prime factors of (-11 - 5470)/(15/(-15)).
3, 7, 29
List the prime factors of 61 + 156 + -3*(-3 - -1)*1.
223
Suppose 9*g - 3*g - 160920 = 0. List the prime factors of g/35 - ((-37)/(-7) + -5).
2, 383
Let o = -830 - -302. Let m b